se 0*k - 13 = -k - 5*m, 0 = -3*k + 2*m - 46. What are the prime factors of 40/k*(-18)/o?
2, 3
Suppose -4*n + 12 = -2*z, 5*n - n + 4*z - 24 = 0. Suppose 2 = n*v + 30. List the prime factors of -2 + 0 - (1 + v).
2
Suppose 300 = -21*p + 25*p. List the prime factors of p.
3, 5
Let t = -40 - -46. What are the prime factors of t?
2, 3
Let p(f) = -f. Suppose 5*w + 44 = -2*d, w = 2*w + 2*d + 12. List the prime factors of p(w).
2
Suppose -u - 9 + 2 = 0. Let j(z) = -2*z - z**2 + 2*z - 7*z + 8. What are the prime factors of j(u)?
2
Suppose -x + 2*x = 4. Suppose -2*w + 38 = 5*j, w = 4*w + x*j - 43. Suppose o = -5*a + 27, -a - 4*o = -2*o - w. What are the prime factors of a?
5
Let i(f) = 17*f - 1. Let q be i(-1). Let y = -9 - q. List the prime factors of y.
3
Let k = -232 + 394. What are the prime factors of k?
2, 3
Let l(a) = -41*a - 3. List the prime factors of l(-1).
2, 19
Suppose 5*q - 3*x = 24, 5*q - 2*x - 9 = 12. Let k be q + -2 + (-26)/1. Let j = k - -35. List the prime factors of j.
2, 5
Let r(a) = -a**3 - 2*a**2 + 8*a + 6. Let u be r(-5). Suppose 18 = 2*p - 2*x, p - u = -4*p + 4*x. List the prime factors of p.
5
Let l(q) = 40*q**2 + 2*q + 1. Let m be l(-1). Suppose -5*x = -2*x - m. What are the prime factors of x?
13
Suppose -b - 5 = 0, -3*m + 54 = 3*b - 0*b. Let p = -14 + m. What are the prime factors of p?
3
Let f be (1/3)/((-2)/(-42)). Let y(n) = -n**3 + 6*n**2 + 7*n + 4. List the prime factors of y(f).
2
Suppose -10 = -x - 4*v, 9*x - 4*x - v - 50 = 0. Suppose 4*w - x = 3*w. List the prime factors of w.
2, 5
Let u be (0 - (-4 - -3)) + -19. Let s = u + 36. List the prime factors of s.
2, 3
What are the prime factors of ((-12)/(-5))/(42/1540)?
2, 11
Let z(m) = -m + 44. Let p be z(0). Suppose 0 = -4*r - 8 + p. List the prime factors of r.
3
What are the prime factors of (-2)/(-14) - (-1672)/56?
2, 3, 5
Suppose 3*c - c = 5*u + 77, 4*u = -20. What are the prime factors of c?
2, 13
Suppose -2*h + 4*h - 14 = -2*f, -51 = -5*h + 3*f. What are the prime factors of (1 + 1)*h/2?
3
Let l(h) be the first derivative of -h**3/3 + 4*h**2 - 3*h - 1. Suppose k - 2*k + 1 = -c, -2*k = 2*c - 18. List the prime factors of l(k).
2, 3
Let q = 75 + -27. What are the prime factors of q?
2, 3
Let k(u) = -u**3 - 10*u**2 - u + 9. Let x be k(-10). What are the prime factors of 2 + 3 + -2 + x?
2, 11
Let v(w) = w**3 - 6*w**2 + 6*w - 4. Let g be v(5). Suppose -g + 5 = m. What are the prime factors of m?
2
Let n(t) = 2*t - 5. Let k(w) = 3*w**2 + 2*w - 1. Let r be k(1). Let b be n(r). Suppose 2*v + 2 = -3*z, z - v + 6 = -b*v. What are the prime factors of z?
2
Let f be -1 + (9 - -1 - -1). Let j = f - -3. Let w = 24 - j. List the prime factors of w.
11
Suppose 2*m + 8 = 50. List the prime factors of m.
3, 7
Suppose 38 = v - 314. What are the prime factors of v?
2, 11
Let m = -83 + 153. Suppose -4*y + 2*p = -m, 3*y + 1 = -5*p + 47. List the prime factors of y.
17
Let n be (-16)/(-24) + 32/6. Suppose -n*o = -3*o - 45. List the prime factors of o.
3, 5
Let b(n) = -n**2 + 6*n + 4. Let q be b(5). Suppose -q = -2*u - u. What are the prime factors of u?
3
Suppose g = -2*d + d + 1, 3*d = 4*g - 11. Suppose -g*s - 42 = -4*b, b - 32 - 1 = 5*s. What are the prime factors of b?
2
Suppose -3*s + 540 = -2*p, 0 = 4*p - 0*p. What are the prime factors of s?
2, 3, 5
Let l be (-1)/3 - 22/(-3). Let a(u) = -u**3 + 13*u**2 + 2. Let k be a(13). Suppose y + l = k*y. What are the prime factors of y?
7
Let j(f) be the first derivative of -f**4/4 - 2*f**3 - 7*f**2/2 - 5*f + 1. Let l be j(-5). Let n(r) = -r + 7. List the prime factors of n(l).
2
Let o(v) = -v**3. Suppose 0 = -d - q - 2*q - 11, 2*d - 2*q = 10. Let f be o(d). What are the prime factors of -1 + 8 - (2 + f)?
2, 3
Suppose 4*f - 20 = 0, -51 - 259 = -5*x + 4*f. What are the prime factors of x?
2, 3, 11
List the prime factors of (-68)/5*(-35)/14.
2, 17
Let t = 181 - -181. List the prime factors of t.
2, 181
Let p(b) = -b**3 + 33*b**2 - 20*b - 34. List the prime factors of p(32).
2, 5, 7
Suppose 5*m - 471 = -46. What are the prime factors of m?
5, 17
Suppose -7*c + 716 = -985. What are the prime factors of c?
3
Suppose -4*o + 2*o = -24. Let v = o + -32. Let l = 30 + v. What are the prime factors of l?
2, 5
Suppose 0 = 5*y - 26 + 61. Let q(u) = u**3 + 7*u**2 - 10. Let k be q(y). Let w = 6 - k. List the prime factors of w.
2
Let b = -1 + 0. Let w = b + 23. List the prime factors of w.
2, 11
Suppose 2*i - 1 = -5*r + i, -3*r + 5*i = 5. Let u = -33 + 3. List the prime factors of u/(-3) + -2 - r.
2
Suppose -o = -6*o + 145. List the prime factors of o.
29
Suppose -44 = -4*l - 16. Let w = l - -45. Suppose 5*n - 5*q = -2*q + w, -q = -1. What are the prime factors of n?
11
Suppose -4*o + 40 = o. List the prime factors of 4/(-5)*(-20)/o.
2
Let s(w) = 1503*w. Let u be s(1). List the prime factors of u/45 + 6/10.
2, 17
Let v = -3 - -6. Suppose -v*n = -2*n - 2. What are the prime factors of n?
2
Let g(z) = 5*z**2 - 22*z + 19. What are the prime factors of g(8)?
163
Let f be ((-27)/(-2))/((-3)/(-4)). Suppose -11 = -c + f. What are the prime factors of c?
29
Let i(k) = 2*k**2 + 12*k + 13. List the prime factors of i(-8).
3, 5
Let u = 6 + -6. Suppose u = 3*s - s - 34. List the prime factors of s.
17
Let n(j) be the second derivative of -2*j**2 + 0 + 2*j + 1/6*j**3 + 1/12*j**4. What are the prime factors of n(-3)?
2
Let l(h) = h**3 - 4*h**2 - 8*h + 3. What are the prime factors of l(7)?
2, 47
What are the prime factors of ((-3)/9)/((-1)/51)?
17
Let k be (-2*2)/(-2 + 1). Suppose -79 = -k*d - 11. What are the prime factors of d?
17
Suppose 4*m = r - 40, -3*r + 8*r = -2*m + 222. List the prime factors of r.
2, 11
Let n = 2 + -1. Let q = n - -5. Let m(h) = h + 5. What are the prime factors of m(q)?
11
List the prime factors of (-3)/2*492/(-9).
2, 41
Let u be (1 - 4)/((-27)/18). Suppose 2*b - b = u. What are the prime factors of b?
2
What are the prime factors of 1*4*(-6)/(60/(-85))?
2, 17
Let x(v) be the first derivative of 2*v**3/3 + 3*v**2/2 - 4*v - 3. Let o be 0 + (-4)/2 - 1. List the prime factors of x(o).
5
Let o(p) = 3*p**3 + p**2 + p - 1. List the prime factors of o(2).
29
Suppose 4*a - a + 63 = 3*f, 33 = 2*f + a. What are the prime factors of f?
2, 3
Let m(p) = p**2 - 6*p + 7. List the prime factors of m(7).
2, 7
Let h(v) = -v**2 + 11*v - 2. List the prime factors of h(7).
2, 13
Let y(w) = w**2 + w + 1. Let z be y(-3). Let a(g) be the first derivative of g**4/4 - 2*g**3 - 4*g**2 + 9*g + 3. List the prime factors of a(z).
2
Suppose y - 3*q = 7, -3*y + 0*q + 7 = 5*q. Suppose 3*s + 3*l + 45 = 0, -58 = 4*s + y*l + l. Let b = 28 + s. List the prime factors of b.
11
Suppose 5*x - 89 = -4*n, -10 = -0*x - 2*x. What are the prime factors of n?
2
Suppose -2*i + 3*m + 3 = -4*i, 3*i + 10 = m. List the prime factors of i/(-2)*154/21.
11
Suppose 4*b - 2*b = 84. What are the prime factors of b?
2, 3, 7
Let i = 9 + -7. Suppose -i*g + 5 + 21 = 0. What are the prime factors of g?
13
Let n(a) = a. Let g = 7 + -5. List the prime factors of n(g).
2
Suppose -4*s = 4*x - 165 - 83, 66 = s - x. Suppose -3*o = -m - 98, 4*m + s = 2*o + 3*m. What are the prime factors of o?
2, 17
Let s(i) = i**3 + 3*i**2 - 5*i - 1. Let g be s(-4). List the prime factors of (-38)/(-8) - g/(-12).
5
Suppose 0 = -3*c - 2*c - 45. Suppose -3*r - 26 = -r. Let j = c - r. What are the prime factors of j?
2
Let u(c) = c**3 - 5*c**2 - c - 10. Let d be u(7). Suppose 4*q + s = d, s - 4*s = 9. What are the prime factors of q?
3, 7
Let r(j) = -2*j - 2. Let a(p) = p**2 + p - 5. Suppose -4*v + 16 = -5*f, 6 = 2*f + 2*v - 2. Let k be a(f). What are the prime factors of r(k)?
2
Let r(s) be the third derivative of -s**5/60 - 3*s**4/8 - 5*s**3/6 + s**2. List the prime factors of r(-7).
3
Let k(y) = 2*y**2 + y + 1. Let d be k(-1). Suppose 5*b + d = 4*u, -5*u + 1 = -4*b - 6. List the prime factors of u.
3
Let x(h) = h**3 + 7*h**2 + 8*h + 4. Let c be x(-6). Let v(d) = -d**3 - 7*d**2 + 4*d - 8. What are the prime factors of v(c)?
2, 3
Let s(c) be the first derivative of -2*c**2 + c - 2. Let k be s(-2). Suppose -k - 11 = -5*h. List the prime factors of h.
2
Let t(x) = -x**2 + 10*x + 10. Let b be t(8). Suppose -b = -4*h + 10. What are the prime factors of h?
3
Let q(u) be the second derivative of -u**5/20 - 2*u**4/3 - 3*u**3/2 + 2